Last updated on 2024-08-16 01:48:32 CEST.
Flavor | Version | Tinstall | Tcheck | Ttotal | Status | Flags |
---|---|---|---|---|---|---|
r-devel-linux-x86_64-debian-clang | 0.3.5 | 9.52 | 117.28 | 126.80 | OK | |
r-devel-linux-x86_64-debian-gcc | 0.3.5 | 6.06 | 84.37 | 90.43 | OK | |
r-devel-linux-x86_64-fedora-clang | 0.3.5 | 203.72 | NOTE | |||
r-devel-linux-x86_64-fedora-gcc | 0.3.5 | 217.42 | NOTE | |||
r-devel-windows-x86_64 | 0.3.5 | 11.00 | 128.00 | 139.00 | OK | |
r-patched-linux-x86_64 | 0.3.5 | 9.10 | 112.54 | 121.64 | OK | |
r-release-linux-x86_64 | 0.3.5 | 7.42 | 112.09 | 119.51 | OK | |
r-release-macos-arm64 | 0.3.5 | 62.00 | OK | |||
r-release-macos-x86_64 | 0.3.5 | 122.00 | OK | |||
r-release-windows-x86_64 | 0.3.5 | 14.00 | 127.00 | 141.00 | OK | |
r-oldrel-macos-arm64 | 0.3.5 | 68.00 | OK | |||
r-oldrel-macos-x86_64 | 0.3.5 | 107.00 | OK | |||
r-oldrel-windows-x86_64 | 0.3.5 | 15.00 | 152.00 | 167.00 | OK |
Version: 0.3.5
Check: data for non-ASCII characters
Result: NOTE
Note: found 160 marked UTF-8 strings
Flavors: r-devel-linux-x86_64-fedora-clang, r-devel-linux-x86_64-fedora-gcc