Last updated on 2022-05-24 01:50:06 CEST.
Flavor | Version | Tinstall | Tcheck | Ttotal | Status | Flags |
---|---|---|---|---|---|---|
r-devel-linux-x86_64-debian-clang | 0.7.2 | 901.86 | 249.68 | 1151.54 | OK | |
r-devel-linux-x86_64-debian-gcc | 0.7.2 | 832.58 | 182.65 | 1015.23 | OK | |
r-devel-linux-x86_64-fedora-clang | 0.7.2 | 1552.94 | NOTE | |||
r-devel-linux-x86_64-fedora-gcc | 0.7.2 | 1736.32 | OK | |||
r-devel-windows-x86_64 | 0.7.2 | 1119.00 | 532.00 | 1651.00 | NOTE | |
r-patched-linux-x86_64 | 0.7.2 | 880.40 | 229.51 | 1109.91 | OK | |
r-release-linux-x86_64 | 0.7.2 | OK | ||||
r-release-macos-arm64 | 0.7.2 | 450.00 | NOTE | |||
r-release-macos-x86_64 | 0.7.2 | 496.00 | NOTE | |||
r-release-windows-x86_64 | 0.7.2 | 1495.00 | 526.00 | 2021.00 | NOTE | |
r-oldrel-macos-arm64 | 0.7.2 | 407.00 | NOTE | |||
r-oldrel-macos-x86_64 | 0.7.2 | 528.00 | NOTE | |||
r-oldrel-windows-ix86+x86_64 | 0.7.2 | 1914.00 | 556.00 | 2470.00 | NOTE |
Version: 0.7.2
Check: installed package size
Result: NOTE
installed size is 98.1Mb
sub-directories of 1Mb or more:
R 4.8Mb
help 1.6Mb
include 1.3Mb
libs 89.8Mb
Flavors: r-devel-linux-x86_64-fedora-clang, r-devel-windows-x86_64, r-release-macos-arm64, r-release-macos-x86_64, r-release-windows-x86_64, r-oldrel-macos-arm64, r-oldrel-macos-x86_64, r-oldrel-windows-ix86+x86_64
Version: 0.7.2
Check: package dependencies
Result: NOTE
Package suggested but not available for checking: ‘katex’
Flavor: r-release-macos-x86_64