Last updated on 2024-04-18 01:55:41 CEST.
Flavor | Version | Tinstall | Tcheck | Ttotal | Status | Flags |
---|---|---|---|---|---|---|
r-devel-linux-x86_64-debian-clang | 0.12.0 | 1040.14 | 376.84 | 1416.98 | OK | |
r-devel-linux-x86_64-debian-gcc | 0.12.0 | 950.47 | 265.95 | 1216.42 | OK | |
r-devel-linux-x86_64-fedora-clang | 0.12.0 | 1759.51 | NOTE | |||
r-devel-linux-x86_64-fedora-gcc | 0.12.0 | 2233.68 | OK | |||
r-prerel-macos-arm64 | 0.12.0 | 439.00 | NOTE | |||
r-prerel-windows-x86_64 | 0.12.0 | 852.00 | 592.00 | 1444.00 | NOTE | |
r-patched-linux-x86_64 | 0.12.0 | 1078.35 | 347.20 | 1425.55 | OK | |
r-release-linux-x86_64 | 0.12.0 | 1124.26 | 342.95 | 1467.21 | OK | |
r-release-macos-arm64 | 0.12.0 | 460.00 | NOTE | |||
r-release-macos-x86_64 | 0.12.0 | 754.00 | NOTE | |||
r-release-windows-x86_64 | 0.12.0 | 1071.00 | 755.00 | 1826.00 | NOTE | |
r-oldrel-macos-arm64 | 0.12.0 | 444.00 | NOTE | |||
r-oldrel-windows-x86_64 | 0.12.0 | 976.00 | 557.00 | 1533.00 | NOTE |
Version: 0.12.0
Check: installed package size
Result: NOTE
installed size is 35.9Mb
sub-directories of 1Mb or more:
R 5.6Mb
help 1.7Mb
include 1.8Mb
libs 26.2Mb
Flavors: r-devel-linux-x86_64-fedora-clang, r-prerel-macos-arm64, r-prerel-windows-x86_64, r-release-macos-arm64, r-release-macos-x86_64, r-release-windows-x86_64, r-oldrel-macos-arm64, r-oldrel-windows-x86_64