Last updated on 2024-08-16 01:48:33 CEST.
Flavor | Version | Tinstall | Tcheck | Ttotal | Status | Flags |
---|---|---|---|---|---|---|
r-devel-linux-x86_64-debian-clang | 0.6.0 | 6.46 | 455.45 | 461.91 | OK | |
r-devel-linux-x86_64-debian-gcc | 0.6.0 | 4.60 | 309.50 | 314.10 | OK | |
r-devel-linux-x86_64-fedora-clang | 0.6.0 | 752.29 | NOTE | |||
r-devel-linux-x86_64-fedora-gcc | 0.6.0 | 780.24 | NOTE | |||
r-devel-windows-x86_64 | 0.6.0 | 9.00 | 346.00 | 355.00 | OK | |
r-patched-linux-x86_64 | 0.6.0 | 6.93 | 441.19 | 448.12 | OK | |
r-release-linux-x86_64 | 0.6.0 | 6.09 | 439.94 | 446.03 | OK | |
r-release-macos-arm64 | 0.6.0 | 202.00 | OK | |||
r-release-macos-x86_64 | 0.6.0 | 435.00 | OK | |||
r-release-windows-x86_64 | 0.6.0 | 10.00 | 352.00 | 362.00 | OK | |
r-oldrel-macos-arm64 | 0.6.0 | 223.00 | OK | |||
r-oldrel-macos-x86_64 | 0.6.0 | 348.00 | OK | |||
r-oldrel-windows-x86_64 | 0.6.0 | 11.00 | 425.00 | 436.00 | OK |
Version: 0.6.0
Check: data for non-ASCII characters
Result: NOTE
Note: found 1 marked UTF-8 string
Flavors: r-devel-linux-x86_64-fedora-clang, r-devel-linux-x86_64-fedora-gcc