Last updated on 2024-04-17 01:50:01 CEST.
Flavor | Version | Tinstall | Tcheck | Ttotal | Status | Flags |
---|---|---|---|---|---|---|
r-devel-linux-x86_64-debian-clang | 1.1-4 | 46.88 | 646.78 | 693.66 | NOTE | |
r-devel-linux-x86_64-debian-gcc | 1.1-4 | 35.72 | 462.01 | 497.73 | NOTE | |
r-devel-linux-x86_64-fedora-clang | 1.1-4 | 896.94 | NOTE | |||
r-devel-linux-x86_64-fedora-gcc | 1.1-4 | 864.80 | NOTE | |||
r-prerel-macos-arm64 | 1.1-4 | 184.00 | NOTE | |||
r-prerel-windows-x86_64 | 1.1-4 | 39.00 | 378.00 | 417.00 | NOTE | |
r-patched-linux-x86_64 | 1.1-4 | 44.93 | 619.24 | 664.17 | NOTE | |
r-release-linux-x86_64 | 1.1-4 | 62.33 | 612.99 | 675.32 | OK | |
r-release-macos-arm64 | 1.1-4 | 211.00 | OK | |||
r-release-macos-x86_64 | 1.1-4 | 391.00 | OK | |||
r-release-windows-x86_64 | 1.1-4 | 43.00 | 526.00 | 569.00 | OK | |
r-oldrel-macos-arm64 | 1.1-4 | 201.00 | OK | |||
r-oldrel-windows-x86_64 | 1.1-4 | 43.00 | 512.00 | 555.00 | OK |
Version: 1.1-4
Check: Rd files
Result: NOTE
checkRd: (-1) predict.SDMfit.Rd:23: Lost braces in \itemize; \value handles \item{}{} directly
checkRd: (-1) predict.SDMfit.Rd:24: Lost braces in \itemize; \value handles \item{}{} directly
Flavors: r-devel-linux-x86_64-debian-clang, r-devel-linux-x86_64-debian-gcc, r-devel-linux-x86_64-fedora-clang, r-devel-linux-x86_64-fedora-gcc, r-prerel-macos-arm64, r-prerel-windows-x86_64, r-patched-linux-x86_64